567/(-39))/3. Suppose -2*l - p + 163 = l, 0 = f*l - 5*p - 285. List the prime factors of l.
5, 11
Let j be 210/15 - (1 + 3). Suppose j*x - 7*x = 297. List the prime factors of x.
3, 11
Suppose 7 = 2*c + g, c - 4*g = 8 - 0. List the prime factors of -3 + 514*2/c.
2, 127
Suppose 0 = w + q + 3, 5*q + 17 = w - 5*w. Suppose w*x - x = 55. What are the prime factors of x?
5, 11
Let n = 1350 - 438. List the prime factors of n.
2, 3, 19
Suppose 7 = f + 19. Let x = 16 + f. Suppose -x*g - 3*y + 64 + 80 = 0, 2*g - 4*y = 50. List the prime factors of g.
3, 11
Let n = 727 - 183. List the prime factors of n.
2, 17
Let g(k) = k**3 - 6*k**2 - 14*k - 9. Let i be 20/(2 - 7) + 12. What are the prime factors of g(i)?
7
Let g(k) be the first derivative of -k**3/3 - 3*k**2/2 - 2*k + 3. Let p be g(-2). Let q = 6 - p. List the prime factors of q.
2, 3
Suppose -13*t + 9290 - 106530 = 0. List the prime factors of (-1)/(-3)*-1 - t/66.
113
Suppose 8 = 3*f - f. Suppose i - 4*g = 10, 0*g + 130 = f*i + 2*g. Suppose j + i = 3*j. List the prime factors of j.
3, 5
Suppose -5*g - 10 = -7*g. Suppose -3*u - 5 = 3*s + 7, u = g*s - 4. Let p(w) = -2*w - 6. What are the prime factors of p(u)?
2
Suppose 4*s = s + 3. List the prime factors of 51 + 4/(-1)*s.
47
Suppose -4*n + 8 = 0, 566 + 287 = 3*h - 4*n. List the prime factors of h.
7, 41
Suppose 4*l = -3 + 27. Suppose -l*f + f + 135 = 0. Suppose q = 4*q - f. List the prime factors of q.
3
Let g be (6/5)/(2/1690). Suppose 5*u = 311 + g. Suppose -2*b + 106 = v, 0*v = 5*b + 4*v - u. What are the prime factors of b?
53
Let b be ((-3)/(-2))/(6/160). Suppose -4*d - 32 = -b. List the prime factors of d.
2
Suppose -5*y = -2*s - 3*s + 25, 4*y = 5*s - 22. Suppose -j - s*j = 132. Let x = j + 63. What are the prime factors of x?
19
Suppose -2*s = 3*s - 25. Suppose -s*c - 3*i + 20 = 0, 0 = -0*c + 3*c + 4*i - 12. What are the prime factors of (c - 5)/((-1)/38)?
2, 19
Suppose -29864 = -444*b + 436*b. List the prime factors of b.
3733
Let c(j) = 0 + 0*j**2 + 0 + 3*j - 2*j**2. Let p be c(3). What are the prime factors of 9826/153 - (-2)/p?
2
Let f = 3 + -3. Suppose 4*u - 3*b = u + 117, f = -u - 5*b + 9. Suppose -4*h = h - 2*w - u, 2*h = 2*w + 10. List the prime factors of h.
2
Suppose -b = -q + 27, 0 = 4*q - 4*b - b - 108. Let s be ((-9)/q)/((-2)/114). Suppose -2*u = -s - 19. What are the prime factors of u?
19
Let z(h) = -3*h + 2. Let j be z(-1). Let v(c) = c**2 + j*c + c**3 + 6*c**2 + 1 - 11*c**2 + 0*c**3. List the prime factors of v(4).
3, 7
Suppose 8*f = 4970 - 874. What are the prime factors of f?
2
Let p = 133 + -75. Let q be ((-2)/(-4))/(2/16). Suppose -3*k + p = 4*h, 4*h - h = q*k + 56. What are the prime factors of h?
2
Let j(i) = 49*i**2 - 6*i - 10. List the prime factors of j(-6).
2, 5, 179
Let r = 71 - 32. Suppose j - 4*f - 13 = 0, -r = -2*j - j + 2*f. List the prime factors of j.
13
Let b(c) = c**3 + 3*c**2 - 3*c - 4. Let z be b(-3). Suppose 0*s + 25 = z*s. What are the prime factors of (13/s + -1)*30?
2, 3
Let s(z) = 0 + 3*z + 14 - 4*z + 3. Let u be (-62)/(-12) - 7/42. What are the prime factors of s(u)?
2, 3
Let a be 4/16 + 815/4 - 0. Let y = -127 + a. What are the prime factors of y?
7, 11
Let g = -7 - -12. Let n = -9 - -10. Let j = g - n. What are the prime factors of j?
2
Let b(g) be the second derivative of -g**4/12 - 3*g**3/2 - 4*g**2 - 15*g. What are the prime factors of b(-5)?
2, 3
Suppose 2*f = 10*f - 3720. Let x = f + -217. List the prime factors of x.
2, 31
Suppose 3*l = -3*l + 30. What are the prime factors of 699/5 + l*(-3)/(-75)?
2, 5, 7
Let g(y) = -y**2 - 6*y + 2. Let t be g(-6). Suppose -t = -a - 14. Let r = a + 23. What are the prime factors of r?
11
Let j(f) = 2*f**2 + 26*f + 11. List the prime factors of j(-22).
11, 37
Suppose 0 - 3 = 3*g. Let r be g/(2 + 17/(-9)). List the prime factors of (-159)/(-9) - 3/r.
2, 3
Let c be -21*((-5)/(-7) - 1). Suppose 8 = 2*q, 9 = t - c*q + q. List the prime factors of t.
29
Let a = 8 - 0. Suppose s = -s + a. Suppose s*k + 0*k - 148 = 0. What are the prime factors of k?
37
Suppose -23 = -4*w + z, 3*w - 5*z + 3*z - 21 = 0. Suppose w*y - 233 = 247. List the prime factors of y.
2, 3
Suppose -7*t + 1055 = -2116. List the prime factors of t.
3, 151
Suppose -9*i + 66 = 21. Suppose -5*y + i*v = -565, -4*y = -3*y + v - 119. Let h = y + -39. What are the prime factors of h?
7, 11
Let r be ((-26)/39)/(2/2049). Let i = -2282 - r. What are the prime factors of 4/10 + i/(-65)?
5
Let j = 11 + -7. Suppose -j*o + 251 = -81. List the prime factors of o.
83
Suppose -9258 = -3*w - 3*s - 3156, 0 = w + 5*s - 2022. List the prime factors of w.
3, 7, 97
Suppose 4*v - 18086 = 8*m - 10*m, -5*v + 4*m + 22601 = 0. What are the prime factors of v?
3, 11, 137
Let r = 93 + -9. List the prime factors of r.
2, 3, 7
Suppose -7 = 3*b - 5*r, -1 = 3*b + 3*r + 14. Let s be (b/(-10))/(3/15). Suppose s*j - 5 = j. List the prime factors of j.
5
Let a(x) = -x**3 - 8*x**2 + x + 8. Suppose 2*l = 4*v + 36, -2*v - 8 = 2*l + 2*l. Let m be a(v). Suppose -f + m*f = -17. What are the prime factors of f?
17
Let h(d) = 24*d**2 - 2*d - 1. Let c be h(4). Suppose -2*m = 3*m - c. What are the prime factors of m?
3, 5
Suppose -5*c - c = -402. Suppose 73 = 2*w + 5*t, -3*w - t = -49 - c. What are the prime factors of w?
3, 13
Let h(y) = -y + 13. Let g(w) be the first derivative of w**2 - 25*w + 1. Let s(b) = 3*g(b) + 7*h(b). List the prime factors of s(12).
2
Let x be 33/44 - 374/8. Let p = 28 + x. Let u = 20 + p. List the prime factors of u.
2
Let i be 23 - (-5 - (-2 + -1)). Let j = -2 + i. Let z = 36 - j. What are the prime factors of z?
13
Let d(g) = -8*g**3 - 2*g + 1. Let v be d(1). Let h = 42 + v. What are the prime factors of h?
3, 11
Let f be (-28)/(-126) + (-22)/18. List the prime factors of (21/35)/(f/(-35)).
3, 7
What are the prime factors of 13468/(-8)*228/(-133)?
2, 3, 13, 37
Let i = -23 + 2. Let m = i + 23. What are the prime factors of 129*4/24*m?
43
Let o be (10 + -1)/((-1)/(-13)). Let t = o + -33. List the prime factors of t.
2, 3, 7
Let l = -99 + 101. Let b(r) = -2*r + 15. List the prime factors of b(l).
11
Let b(n) = 7*n + n**3 - 12 - 11*n + 12*n - 6*n**2 + 5*n. What are the prime factors of b(8)?
2, 5, 11
Suppose -5*h = 3*n - 5066, 2112 = 3*h + 2*n - 928. List the prime factors of h.
2, 11, 23
Suppose 0*s + 6 = 4*f + s, -2*f - s + 2 = 0. Suppose 0*k - 5*k + f*g + 618 = 0, 2 = 2*g. Suppose -4*a + 0*a + k = 0. List the prime factors of a.
31
Suppose -32*y + 4160 = -3168. List the prime factors of y.
229
Let s be 22*(-1)/2 - 1. List the prime factors of s/(-54)*-3 - 374/(-3).
2, 31
List the prime factors of 382 + -11 + 7/7.
2, 3, 31
Let b = -737 - -1749. What are the prime factors of b?
2, 11, 23
Let w be (-2)/(-5) - (-28)/(-20). Let s(p) = -66*p + 1. List the prime factors of s(w).
67
Suppose 20 = -3*n + 74. Suppose b - 3*b + n = 0. Suppose -4*i = -167 - b. What are the prime factors of i?
2, 11
Let g = -8 + 7. Let b be (-146*g/(-2))/(-1). Let r = 103 - b. List the prime factors of r.
2, 3, 5
Suppose 4*z - 6137 = a, a - 6145 = -5*z + 1515. What are the prime factors of z?
3, 7, 73
Suppose b - 6*b = l - 875, -b + 3*l + 159 = 0. List the prime factors of b.
2, 3, 29
Let a = -212 + 2875. What are the prime factors of a?
2663
Let m = 121 + -62. Suppose 0 = 2*h + 4*i - 42, -4*h = -2*i - m - 45. List the prime factors of h.
5
Suppose -526 = 4*o + 906. Let i = o - -539. List the prime factors of i.
181
Let w be -1 + 8 + ((-6)/(-2))/3. Suppose w*s - 585 = -5*s. List the prime factors of s.
3, 5
Suppose 0 = q - 5, -2*q - 3*q = -5*v - 125. List the prime factors of (-2332)/v + (-4)/(-10).
3, 13
Let q = 260 - 138. Let c = -82 + q. Suppose -3*i = -c - 32. What are the prime factors of i?
2, 3
Let s be ((-4)/(-18) + (-10)/18)*0. List the prime factors of -1 - (s - 73 - -4).
2, 17
Let o = 4854 - 2504. What are the prime factors of o?
2, 5, 47
Let u(p) = 5*p - 2 - 2 + 2*p**2 + 6. Let h be u(-3). Suppose 0*d = -h*d + 30. List the prime factors of d.
2, 3
Let p be 2/8 + 6/8. Let o be (2 - 11) + p/(-1). What are the prime factors of 10/o - -1*14?
13
Let r(b) = 33*b + 1. Let j = -40 - -42. List the prime factors of r(j).
67
Suppose 5*y - 8 = 4*y - a, -2*a - 44 = -3*y. Suppose -d = 4*l - 3, 4*l + 5 + y = -5*d. List the prime factors of 3/15 